{"id":25,"date":"2017-08-17T07:44:29","date_gmt":"2017-08-17T07:44:29","guid":{"rendered":"http:\/\/localhost\/Themes\/2017\/Vision\/Website_WP\/index.php\/financial-services\/"},"modified":"2018-01-29T11:28:46","modified_gmt":"2018-01-29T11:28:46","slug":"financial-services","status":"publish","type":"page","link":"https:\/\/www.stbgraebert.de\/?page_id=25","title":{"rendered":"Financial Services"},"content":{"rendered":"<p>Bei folgenden Themen sind wir Ihnen unter Anderem gerne behilflich:<\/p>\n<p>&#8211; Schriftverkehr mit dem Finanzamt<br \/>&#8211; Durchf\u00fchrung von Betriebspr\u00fcfungen<br \/>&#8211; Rechtsbehelfe wie zum Beispiel Einspr\u00fcche<br \/>&#8211; Stundungsantr\u00e4ge<br \/>&#8211; Erstellung von Einkommensbescheinigungen f\u00fcr Selbstst\u00e4ndige<br \/>&#8211; Pr\u00fcfberichte f\u00fcr die Ausl\u00e4nderbeh\u00f6rde<br \/>&#8211; Erstellung der Anlage EKS f\u00fcr das Jobcenter<\/p>\n<p><!-- {\"name\":\"\",\"type\":\"layout\",\"children\":[{\"name\":\"hero\",\"type\":\"section\",\"props\":{\"style\":\"default\",\"width\":\"\",\"vertical_align\":\"middle\",\"title_position\":\"top-left\",\"title_rotation\":\"left\",\"title_breakpoint\":\"xl\",\"image_position\":\"center-center\",\"padding_remove_top\":true,\"image\":\"wp-content\\\/uploads\\\/financial-services-hero.jpg\",\"css\":\".el-section > [class*='uk-background-'] { min-height: 40vh; }\",\"image_effect\":\"parallax\",\"image_parallax_bgy_end\":\"120\",\"image_parallax_bgy_start\":\"\"},\"children\":[{\"name\":\"\",\"type\":\"row\",\"props\":{\"fixed_width\":\"large\",\"breakpoint\":\"m\",\"layout\":\"1-1\"},\"children\":[{\"name\":\"\",\"type\":\"column\",\"props\":{\"widths\":[\"1-1\"],\"image_position\":\"center-center\"}}]}]},{\"name\":\"\",\"type\":\"section\",\"props\":{\"style\":\"default\",\"width\":\"default\",\"vertical_align\":\"middle\",\"title_position\":\"top-left\",\"title_rotation\":\"left\",\"title_breakpoint\":\"xl\",\"image_position\":\"center-center\",\"animation\":\"\",\"animation_delay\":true},\"children\":[{\"name\":\"\",\"type\":\"row\",\"props\":{\"fixed_width\":\"large\",\"breakpoint\":\"m\",\"layout\":\"1-1\",\"width\":\"default\"},\"children\":[{\"name\":\"\",\"type\":\"column\",\"props\":{\"widths\":[\"1-1\"],\"image_position\":\"center-center\"},\"children\":[{\"name\":\"\",\"type\":\"panel\",\"props\":{\"link_text\":\"Read more\",\"title_element\":\"h3\",\"meta_style\":\"meta\",\"meta_align\":\"bottom\",\"icon_ratio\":4,\"image_align\":\"top\",\"image_grid_width\":\"1-2\",\"image_breakpoint\":\"m\",\"link_style\":\"default\",\"margin\":\"default\",\"title\":\"Unsere weiteren Dienstleistungen\",\"content\":\"\n\n<p>Bei folgenden Themen sind wir Ihnen unter Anderem gerne behilflich:<\\\/p>\\n\n\n<p>- Schriftverkehr mit dem Finanzamt<br \\\/>- Durchf\\u00fchrung von Betriebspr\\u00fcfungen<br \\\/>- Rechtsbehelfe wie zum Beispiel Einspr\\u00fcche<br \\\/>- Stundungsantr\\u00e4ge<br \\\/>- Erstellung von Einkommensbescheinigungen f\\u00fcr Selbstst\\u00e4ndige<br \\\/>- Pr\\u00fcfberichte f\\u00fcr die Ausl\\u00e4nderbeh\\u00f6rde<br \\\/>- Erstellung der Anlage EKS f\\u00fcr das Jobcenter<br \\\/><br \\\/><\\\/p>\",\"image\":\"wp-content\\\/uploads\\\/services-01-tax-planning.svg\",\"title_style\":\"h3\",\"content_style\":\"\",\"item_maxwidth\":\"\",\"maxwidth\":\"xlarge\"}}]}]}]}]} --><\/p>\n","protected":false},"excerpt":{"rendered":"<p>Bei folgenden Themen sind wir Ihnen unter Anderem gerne behilflich: &#8211; Schriftverkehr mit dem Finanzamt&#8211; Durchf\u00fchrung von Betriebspr\u00fcfungen&#8211; Rechtsbehelfe wie zum Beispiel Einspr\u00fcche&#8211; Stundungsantr\u00e4ge&#8211; Erstellung von Einkommensbescheinigungen f\u00fcr Selbstst\u00e4ndige&#8211; Pr\u00fcfberichte f\u00fcr die Ausl\u00e4nderbeh\u00f6rde&#8211; Erstellung der Anlage EKS f\u00fcr das Jobcenter<\/p>\n","protected":false},"author":1,"featured_media":0,"parent":0,"menu_order":5,"comment_status":"closed","ping_status":"closed","template":"","meta":{"footnotes":""},"class_list":["post-25","page","type-page","status-publish","hentry"],"_links":{"self":[{"href":"https:\/\/www.stbgraebert.de\/index.php?rest_route=\/wp\/v2\/pages\/25","targetHints":{"allow":["GET"]}}],"collection":[{"href":"https:\/\/www.stbgraebert.de\/index.php?rest_route=\/wp\/v2\/pages"}],"about":[{"href":"https:\/\/www.stbgraebert.de\/index.php?rest_route=\/wp\/v2\/types\/page"}],"author":[{"embeddable":true,"href":"https:\/\/www.stbgraebert.de\/index.php?rest_route=\/wp\/v2\/users\/1"}],"replies":[{"embeddable":true,"href":"https:\/\/www.stbgraebert.de\/index.php?rest_route=%2Fwp%2Fv2%2Fcomments&post=25"}],"version-history":[{"count":5,"href":"https:\/\/www.stbgraebert.de\/index.php?rest_route=\/wp\/v2\/pages\/25\/revisions"}],"predecessor-version":[{"id":356,"href":"https:\/\/www.stbgraebert.de\/index.php?rest_route=\/wp\/v2\/pages\/25\/revisions\/356"}],"wp:attachment":[{"href":"https:\/\/www.stbgraebert.de\/index.php?rest_route=%2Fwp%2Fv2%2Fmedia&parent=25"}],"curies":[{"name":"wp","href":"https:\/\/api.w.org\/{rel}","templated":true}]}}