{"id":27,"date":"2017-08-17T07:45:24","date_gmt":"2017-08-17T07:45:24","guid":{"rendered":"http:\/\/localhost\/Themes\/2017\/Vision\/Website_WP\/index.php\/tax-planning\/"},"modified":"2018-02-09T08:38:47","modified_gmt":"2018-02-09T08:38:47","slug":"tax-planning","status":"publish","type":"page","link":"https:\/\/www.stbgraebert.de\/?page_id=27","title":{"rendered":"Tax Planning"},"content":{"rendered":"<p>Steuerberater haben die Aufgabe der Hilfestellung in Steuerangelegenheiten, zur Vertretung in finanzgerichtlichen Prozessen und zur Beratung in betriebswirtschaftlichen Fragen.<\/p>\n<p>Die Aufgaben des Steuerberaters bestehen haupts\u00e4chlich in der vorausschauenden Beratung f\u00fcr eine optimale Steuergestaltung, der Erstellung von Buchf\u00fchrungen, Jahresabschl\u00fcssen und Steuererkl\u00e4rungen sowie der anschlie\u00dfenden \u00dcberpr\u00fcfung von Steuerbescheiden und der Vertretung des Mandanten in Streitf\u00e4llen mit dem Finanzamt und vor dem Finanzgericht.\n<\/p>\n<p>Unsere steuerlichen Beratungsleistungen<\/p>\n<p>Existenzgr\u00fcndung<\/p>\n<p>allgemeine Beratung<\/p>\n<p>steuerliche Anmeldung<\/p>\n<p>allgemeine Fragen zum Steuerrecht<\/p>\n<p>Ihre Steuerberaterin<\/p>\n<p>T\u00e4tigkeiten im Rahmen der Steuerberatung<\/p>\n<p>\u2022 sortieren, kontieren und buchen der Belege\u2022 Erstellung der Umsatzsteuervoranmeldungen\u2022 Erstellung der BWA<\/p>\n<p>\u2022 Erstellung von Handels- bzw. Steuerbilanz\u2022 Einstellen der Bilanz in den Bundesanzeiger\u2022 Erstellung des Anhangs\u2022 Abschluss nach \u00a7 4(3) EstG<\/p>\n<p>\u2022 Einkommensteuererkl\u00e4rung f\u00fcr alle Berufsgruppen\u2022 Gewerbesteuererkl\u00e4rung\u2022 Einheitliche und gesonderte Gewinnfeststellungserkl\u00e4rung\u2022 K\u00f6rperschaftsteuererkl\u00e4rung\u2022 Umsatzsteuererkl\u00e4rung\u2022 Erbschaftsteuererkl\u00e4rung\/ Schenkungsteuererkl\u00e4rung<\/p>\n<p>\nSchriftverkehr mit dem Finanzamt<br \/>\nBetriebspr\u00fcfungen<br \/>\nRechtsbehelfe wie zum Beispiel Einspr\u00fcche<br \/>\nStundungsantr\u00e4ge<br \/>\nErstellung von Einkommensbescheinigungen f\u00fcr Selbstst\u00e4ndige<br \/>\nPr\u00fcfberichte f\u00fcr die Ausl\u00e4nderbeh\u00f6rde<br \/>\nErstellung von Anlage EKS f\u00fcr das Jobcenter\n<\/p>\n<p><!-- {\"name\":\"\",\"type\":\"layout\",\"children\":[{\"name\":\"Page_Head_Steuerberatung\",\"type\":\"section\",\"props\":{\"style\":\"default\",\"width\":\"expand\",\"vertical_align\":\"middle\",\"title_position\":\"top-left\",\"title_rotation\":\"left\",\"title_breakpoint\":\"xl\",\"image_position\":\"center-left\",\"image\":\"wp-content\\\/uploads\\\/tax-planning-hero.jpg\",\"padding\":\"large\",\"image_size\":\"cover\",\"css\":\"\",\"height\":\"\",\"image_effect\":\"parallax\",\"image_parallax_bgy_end\":-230,\"image_parallax_bgy_start\":20,\"image_parallax_breakpoint\":\"m\"},\"children\":[{\"name\":\"\",\"type\":\"row\",\"props\":{\"fixed_width\":\"xxlarge\",\"breakpoint\":\"m\",\"layout\":\"fixed,\",\"margin\":\"\",\"vertical_align\":false},\"children\":[{\"name\":\"\",\"type\":\"column\",\"props\":{\"widths\":[\"fixed\"],\"image_position\":\"center-center\",\"style\":\"\",\"padding\":\"small\",\"css\":\"\"},\"children\":[{\"name\":\"\",\"type\":\"panel\",\"props\":{\"link_text\":\"Read more\",\"title_element\":\"h1\",\"meta_style\":\"meta\",\"meta_align\":\"bottom\",\"icon_ratio\":4,\"image_align\":\"top\",\"image_grid_width\":\"1-2\",\"image_breakpoint\":\"m\",\"link_style\":\"default\",\"margin\":\"default\",\"title\":\"Steuerberatung\",\"content\":\"Steuerberater haben die Aufgabe der Hilfestellung in Steuerangelegenheiten, zur Vertretung in finanzgerichtlichen Prozessen und zur Beratung in betriebswirtschaftlichen Fragen.\",\"panel_style\":\"card-secondary\",\"title_style\":\"h2\"}}]},{\"name\":\"\",\"type\":\"column\",\"props\":{\"widths\":[\"\"],\"image_position\":\"center-center\"}}]}]},{\"name\":\"Services\",\"type\":\"section\",\"props\":{\"style\":\"default\",\"width\":\"default\",\"vertical_align\":\"middle\",\"title_position\":\"top-left\",\"title_rotation\":\"left\",\"title_breakpoint\":\"xl\",\"image_position\":\"center-center\",\"padding\":\"large\",\"animation\":\"\"},\"children\":[{\"name\":\"\",\"type\":\"row\",\"props\":{\"fixed_width\":\"large\",\"breakpoint\":\"s\",\"layout\":\"2-3,\",\"gutter\":\"large\"},\"children\":[{\"name\":\"\",\"type\":\"column\",\"props\":{\"widths\":[\"2-3\"],\"image_position\":\"center-center\"},\"children\":[{\"name\":\"\",\"type\":\"text\",\"props\":{\"margin\":\"default\",\"column_breakpoint\":\"m\",\"content\":\"Die Aufgaben des Steuerberaters bestehen haupts\\u00e4chlich in der vorausschauenden Beratung f\\u00fcr eine optimale Steuergestaltung, der Erstellung von Buchf\\u00fchrungen, Jahresabschl\\u00fcssen und Steuererkl\\u00e4rungen sowie der anschlie\\u00dfenden \\u00dcberpr\\u00fcfung von Steuerbescheiden und der Vertretung des Mandanten in Streitf\\u00e4llen mit dem Finanzamt und vor dem Finanzgericht.\\n<br \/>\"}},{\"name\":\"\",\"type\":\"headline\",\"props\":{\"title_element\":\"h2\",\"content\":\"Unsere steuerlichen Beratungsleistungen\",\"margin\":\"large\",\"margin_remove_top\":false,\"margin_remove_bottom\":true,\"title_style\":\"h3\"}},{\"name\":\"\",\"type\":\"list\",\"props\":{\"show_image\":true,\"show_link\":true,\"image_align\":\"left\",\"list_style\":\"\",\"list_size\":true,\"content_style\":\"\",\"link_style\":\"text\"},\"children\":[{\"name\":\"\",\"type\":\"list_item\",\"props\":{\"content\":\"Existenzgr\\u00fcndung\",\"link\":\"#\",\"icon\":\"arrow-right\"}},{\"name\":\"\",\"type\":\"list_item\",\"props\":{\"content\":\"allgemeine Beratung\",\"link\":\"#\",\"icon\":\"arrow-right\"}},{\"name\":\"\",\"type\":\"list_item\",\"props\":{\"content\":\"steuerliche Anmeldung\",\"link\":\"#\",\"icon\":\"arrow-right\"}},{\"name\":\"\",\"type\":\"list_item\",\"props\":{\"content\":\"allgemeine Fragen zum Steuerrecht\",\"link\":\"#\",\"icon\":\"arrow-right\"}}]}]},{\"name\":\"\",\"type\":\"column\",\"props\":{\"widths\":[\"\"],\"image_position\":\"center-center\"},\"children\":[{\"name\":\"\",\"type\":\"headline\",\"props\":{\"title_element\":\"h3\",\"content\":\"Ihre Steuerberaterin\",\"title_style\":\"h4\",\"title_decoration\":\"bullet\"}},{\"name\":\"\",\"type\":\"panel\",\"props\":{\"link_text\":\"mailto:info@stbgraebert.de\",\"title_element\":\"h4\",\"meta_style\":\"meta\",\"meta_align\":\"bottom\",\"icon_ratio\":4,\"image_align\":\"top\",\"image_grid_width\":\"1-2\",\"image_breakpoint\":\"m\",\"link_style\":\"\",\"margin\":\"default\",\"image\":\"wp-content\\\/uploads\\\/Enlight14.jpg\",\"title\":\"Barbara Gr\\u00e4bert\",\"meta\":\"Steuerberaterin - vereidigte Buchpr\\u00fcferin\",\"link\":\"mailto:info@stbgraebert.de\"}}]}]},{\"name\":\"\",\"type\":\"row\",\"props\":{\"fixed_width\":\"large\",\"breakpoint\":\"m\",\"layout\":\"1-1\"},\"children\":[{\"name\":\"\",\"type\":\"column\",\"props\":{\"widths\":[\"1-1\"],\"image_position\":\"center-center\"},\"children\":[{\"name\":\"\",\"type\":\"headline\",\"props\":{\"title_element\":\"h3\",\"content\":\"T\\u00e4tigkeiten im Rahmen der Steuerberatung\"}},{\"name\":\"\",\"type\":\"switcher\",\"props\":{\"show_title\":true,\"show_meta\":true,\"show_content\":true,\"show_image\":true,\"show_link\":true,\"show_label\":true,\"show_thumbnail\":true,\"switcher_style\":\"tab\",\"switcher_position\":\"top\",\"switcher_align\":\"left\",\"switcher_grid_width\":\"auto\",\"switcher_breakpoint\":\"m\",\"switcher_animation\":\"fade\",\"switcher_height\":true,\"title_element\":\"h3\",\"meta_style\":\"meta\",\"meta_align\":\"bottom\",\"image_align\":\"top\",\"image_grid_width\":\"1-2\",\"image_breakpoint\":\"m\",\"switcher_thumbnail_width\":\"100\",\"switcher_thumbnail_height\":\"75\",\"link_text\":\"Read more\",\"link_style\":\"default\",\"margin\":\"default\"},\"children\":[{\"name\":\"\",\"type\":\"switcher_item\",\"props\":{\"title\":\"Buchf\\u00fchrung\",\"content\":\"\n\n<p>\\u2022 sortieren, kontieren und buchen der Belege<br \\\/>\\u2022 Erstellung der Umsatzsteuervoranmeldungen<br \\\/>\\u2022 Erstellung der BWA<\\\/p>\"}},{\"name\":\"\",\"type\":\"switcher_item\",\"props\":{\"title\":\"Jahresabschl\\u00fcsse\",\"content\":\"\n\n<p>\\u2022 Erstellung von Handels- bzw. Steuerbilanz<br \\\/>\\u2022 Einstellen der Bilanz in den Bundesanzeiger<br \\\/>\\u2022 Erstellung des Anhangs<br \\\/>\\u2022 Abschluss nach \\u00a7 4(3) EstG<\\\/p>\"}},{\"name\":\"\",\"type\":\"switcher_item\",\"props\":{\"title\":\"Steuererkl\\u00e4rungen\",\"content\":\"\n\n<p>\\u2022 Einkommensteuererkl\\u00e4rung f\\u00fcr alle Berufsgruppen<br \\\/>\\u2022 Gewerbesteuererkl\\u00e4rung<br \\\/>\\u2022 Einheitliche und gesonderte Gewinnfeststellungserkl\\u00e4rung<br \\\/>\\u2022 K\\u00f6rperschaftsteuererkl\\u00e4rung<br \\\/>\\u2022 Umsatzsteuererkl\\u00e4rung<br \\\/>\\u2022 Erbschaftsteuererkl\\u00e4rung\\\/ Schenkungsteuererkl\\u00e4rung<\\\/p>\"}},{\"name\":\"\",\"type\":\"switcher_item\",\"props\":{\"title\":\"weitere Leistungen\",\"content\":\"\n\n<ul>\\n\n\n<li>Schriftverkehr mit dem Finanzamt<\\\/li>\\n\n\n<li>Betriebspr\\u00fcfungen<\\\/li>\\n\n\n<li>Rechtsbehelfe wie zum Beispiel Einspr\\u00fcche<\\\/li>\\n\n\n<li>Stundungsantr\\u00e4ge<\\\/li>\\n\n\n<li>Erstellung von Einkommensbescheinigungen f\\u00fcr Selbstst\\u00e4ndige<\\\/li>\\n\n\n<li>Pr\\u00fcfberichte f\\u00fcr die Ausl\\u00e4nderbeh\\u00f6rde<\\\/li>\\n\n\n<li>Erstellung von Anlage EKS f\\u00fcr das Jobcenter<\\\/li>\\n<\\\/ul>\"}}]}]}]}]}]} --><\/p>\n","protected":false},"excerpt":{"rendered":"<p>Steuerberater haben die Aufgabe der Hilfestellung in Steuerangelegenheiten, zur Vertretung in finanzgerichtlichen Prozessen und zur Beratung in betriebswirtschaftlichen Fragen. Die Aufgaben des Steuerberaters bestehen haupts\u00e4chlich in der vorausschauenden Beratung f\u00fcr eine optimale Steuergestaltung, der Erstellung von Buchf\u00fchrungen, Jahresabschl\u00fcssen und Steuererkl\u00e4rungen sowie der anschlie\u00dfenden \u00dcberpr\u00fcfung von Steuerbescheiden und der Vertretung des Mandanten in Streitf\u00e4llen mit dem [&hellip;]<\/p>\n","protected":false},"author":1,"featured_media":0,"parent":0,"menu_order":3,"comment_status":"closed","ping_status":"closed","template":"","meta":{"footnotes":""},"class_list":["post-27","page","type-page","status-publish","hentry"],"_links":{"self":[{"href":"https:\/\/www.stbgraebert.de\/index.php?rest_route=\/wp\/v2\/pages\/27","targetHints":{"allow":["GET"]}}],"collection":[{"href":"https:\/\/www.stbgraebert.de\/index.php?rest_route=\/wp\/v2\/pages"}],"about":[{"href":"https:\/\/www.stbgraebert.de\/index.php?rest_route=\/wp\/v2\/types\/page"}],"author":[{"embeddable":true,"href":"https:\/\/www.stbgraebert.de\/index.php?rest_route=\/wp\/v2\/users\/1"}],"replies":[{"embeddable":true,"href":"https:\/\/www.stbgraebert.de\/index.php?rest_route=%2Fwp%2Fv2%2Fcomments&post=27"}],"version-history":[{"count":15,"href":"https:\/\/www.stbgraebert.de\/index.php?rest_route=\/wp\/v2\/pages\/27\/revisions"}],"predecessor-version":[{"id":373,"href":"https:\/\/www.stbgraebert.de\/index.php?rest_route=\/wp\/v2\/pages\/27\/revisions\/373"}],"wp:attachment":[{"href":"https:\/\/www.stbgraebert.de\/index.php?rest_route=%2Fwp%2Fv2%2Fmedia&parent=27"}],"curies":[{"name":"wp","href":"https:\/\/api.w.org\/{rel}","templated":true}]}}