{"id":394,"date":"2018-05-24T07:22:07","date_gmt":"2018-05-24T07:22:07","guid":{"rendered":"https:\/\/www.stbgraebert.de\/?page_id=394"},"modified":"2018-06-21T10:02:57","modified_gmt":"2018-06-21T10:02:57","slug":"datenschutzerklaerung","status":"publish","type":"page","link":"https:\/\/www.stbgraebert.de\/?page_id=394","title":{"rendered":"Datenschutzerkl\u00e4rung"},"content":{"rendered":"<h2>Wer wir sind<\/h2>\n<p>Die Adresse unserer Website ist: https:\/\/www.stbgraebert.de.<\/p>\n<p>Der Datenschutzbeauftragte ist Fabian Hertzke, Firma Hertzke.IT &#8211; fabian.hertzke@hertzke.it<\/p>\n<h2>Welche personenbezogenen Daten wir sammeln und warum wir sie sammeln<\/h2>\n<p>Bei Besuch unserer Website und bei jedem Abruf einer Datei sammelt unser Webserver \u00fcber diese Vorg\u00e4nge Protokollinformationen (z.B. Browsertyp, Datum und Uhrzeit des Abrufs). Dies sind keine personenbezogenen Daten. Es ist uns also nicht m\u00f6glich, die erfassten Daten einer bestimmten nat\u00fcrlichen Person zuzuordnen. S\u00e4mtliche dieser Angaben werden von uns ausschlie\u00dflich zu statistischen Zwecken ausgewertet. Eine Weitergabe an Dritte erfolgt nicht. Eine Verkn\u00fcpfung dieser Daten mit anderen Daten erfolgt durch uns nicht. Die Daten werden zudem nach einer statistischen Auswertung regelm\u00e4\u00dfig innerhalb von einer Woche gel\u00f6scht.<\/p>\n<p>Unsere Webseite ist so erstellt worden, dass auch keine sonstigen personenbezogenen Daten gespeichert werden. Zudem nutzen wir den https-Standard, damit die Verbindung zu unserer Webseite ebenfalls gesichert wird. Wenn Sie uns eine unverschl\u00fcsselte E-Mail senden, in der personenbezogene Daten enthalten sind &#8211; was wir nicht empfehlen &#8211; werden wir diese E-Mail auf unserem Mailsystem abspeichern und mindestens 10 Jahre aufbewahren, es sei denn, Sie geben uns einen L\u00f6schauftrag.<\/p>\n<p>Den Datenschutz unserer E-Mail-Systeme stellen wir durch unsere Technisch-Organisatorischen Ma\u00dfnahmen sicher.<\/p>\n<h3>Eingebettete Inhalte von anderen Websites<\/h3>\n<p>Beitr\u00e4ge auf dieser Website k\u00f6nnen eingebettete Inhalte beinhalten (z.\u00a0B. Videos, Bilder, Beitr\u00e4ge etc.). Eingebettete Inhalte von anderen Websites verhalten sich exakt so, als ob der Besucher die andere Website besucht h\u00e4tte.<\/p>\n<p>Diese Websites k\u00f6nnen Daten \u00fcber Sie sammeln, Cookies benutzen, zus\u00e4tzliche Tracking-Dienste von Dritten einbetten und Ihre Interaktion mit diesem eingebetteten Inhalt aufzeichnen, inklusive Ihrer Interaktion mit dem eingebetteten Inhalt, falls Sie ein Konto haben und auf dieser Website angemeldet sind.<\/p>\n<h2>Welche Rechte Sie an Ihren Daten haben<\/h2>\n<p>Wenn Sie uns eine E-Mail mit personenbezogenen Daten gesendet haben, k\u00f6nnen Sie einen Export Ihrer personenbezogenen Daten bei uns anfordern, inklusive aller Daten, die Sie uns mitgeteilt haben. Dar\u00fcber hinaus k\u00f6nnen Sie die L\u00f6schung aller personenbezogenen Daten, die wir von Ihnen gespeichert haben, anfordern. Dies umfasst nicht die Daten, die wir aufgrund administrativer, rechtlicher oder sicherheitsrelevanter Notwendigkeiten aufbewahren m\u00fcssen.<\/p>\n<h2>Ihre Kontakt-Informationen<\/h2>\n<p>Bitte senden Sie uns etwaige Anfragen zum Thema Datenschutz an: info@stbgraebert.de<\/p>\n<h2>Weitere Informationen<\/h2>\n<p>Dies ist die Datenschutzerkl\u00e4rung der Firma Barbara Gr\u00e4bert, StB.vBP &#8211; Tempelhofer Damm 52 &#8211; 12101 Berlin. Sollten Sie Fragen zu dieser Datenschutzerkl\u00e4rung haben, wenden Sie sich gerne direkt per Post oder E-Mail an uns (oder ggf. an unseren Datenschutzbeauftragten).<\/p>\n<p>&nbsp;<\/p>\n","protected":false},"excerpt":{"rendered":"<p>Wer wir sind Die Adresse unserer Website ist: https:\/\/www.stbgraebert.de. Der Datenschutzbeauftragte ist Fabian Hertzke, Firma Hertzke.IT &#8211; fabian.hertzke@hertzke.it Welche personenbezogenen Daten wir sammeln und warum wir sie sammeln Bei Besuch unserer Website und bei jedem Abruf einer Datei sammelt unser Webserver \u00fcber diese Vorg\u00e4nge Protokollinformationen (z.B. Browsertyp, Datum und Uhrzeit des Abrufs). Dies sind keine [&hellip;]<\/p>\n","protected":false},"author":1,"featured_media":0,"parent":0,"menu_order":0,"comment_status":"closed","ping_status":"closed","template":"","meta":{"footnotes":""},"class_list":["post-394","page","type-page","status-publish","hentry"],"_links":{"self":[{"href":"https:\/\/www.stbgraebert.de\/index.php?rest_route=\/wp\/v2\/pages\/394","targetHints":{"allow":["GET"]}}],"collection":[{"href":"https:\/\/www.stbgraebert.de\/index.php?rest_route=\/wp\/v2\/pages"}],"about":[{"href":"https:\/\/www.stbgraebert.de\/index.php?rest_route=\/wp\/v2\/types\/page"}],"author":[{"embeddable":true,"href":"https:\/\/www.stbgraebert.de\/index.php?rest_route=\/wp\/v2\/users\/1"}],"replies":[{"embeddable":true,"href":"https:\/\/www.stbgraebert.de\/index.php?rest_route=%2Fwp%2Fv2%2Fcomments&post=394"}],"version-history":[{"count":5,"href":"https:\/\/www.stbgraebert.de\/index.php?rest_route=\/wp\/v2\/pages\/394\/revisions"}],"predecessor-version":[{"id":402,"href":"https:\/\/www.stbgraebert.de\/index.php?rest_route=\/wp\/v2\/pages\/394\/revisions\/402"}],"wp:attachment":[{"href":"https:\/\/www.stbgraebert.de\/index.php?rest_route=%2Fwp%2Fv2%2Fmedia&parent=394"}],"curies":[{"name":"wp","href":"https:\/\/api.w.org\/{rel}","templated":true}]}}